9840. Let u = n + -4122. Is u a composite number?
False
Suppose 4*r - 567 = -5*r. Suppose -1021 = -4*p + r. Is p a prime number?
True
Is (-43458)/(-2) + 3 + -5 prime?
True
Let v = 44 + -64. Is (16/20)/(-4) + (-85424)/v prime?
True
Let q(g) = -g**3 + 8*g**2 + 13*g + 13. Let a be q(-10). Suppose -4*p + 0*j + 5*j = -a, -2*j = 3*p - 1291. Is p a prime number?
False
Let a = -5 + 9. Let r(c) = -c + 6. Let n be r(a). Suppose t + 4*s = 323, -t - 5*s + n*s = -323. Is t a composite number?
True
Let w(t) = -33*t**2 - 20*t + 9. Let u(z) = z**2 - z + 1. Let f(c) = 2*u(c) - w(c). Is f(6) a composite number?
False
Let w be (-4)/(-16) - (-726)/8. Let j(a) = 5*a. Let i be j(1). Suppose i*q = 6*q - w. Is q a composite number?
True
Let d(c) = -78*c + 5. Let j = -8 + -6. Is d(j) composite?
False
Let q = -4 + 6. Let h(a) = 99*a + 2. Let s be h(7). Suppose -d - 690 = -o, o - q*d - s = -0*d. Is o a composite number?
True
Let h be (-223)/(-2) + 2/4. Suppose -k = y - 2*y - h, 0 = -3*y - 2*k - 346. Let i = y + 203. Is i a composite number?
False
Let y = 75436 + -48533. Is y prime?
True
Suppose -3*r - 12 = -7*r. Suppose -f - 873 = -r*a + 3*f, 873 = 3*a + 3*f. Is a a prime number?
False
Let t = -156 - -156. Is -2 + (-2 - -1) - (t - 2324) composite?
True
Let t = 11 + -23. Let l be (t/(-8))/(1/2). Suppose -169 + 2062 = l*h. Is h composite?
False
Suppose 4*j - 5*k - 22948 = 0, -j - 3*k + 5737 = -0*k. Is j a prime number?
True
Let o = -226 - -723. Is o prime?
False
Let c(n) = -3641*n**3 - 3*n - 2. Let z be c(-1). Is ((-14)/14)/(-2 - z/(-1822)) composite?
False
Suppose 0 = w + 5 - 1. Let q be w/6*9/(-2). Suppose -652 = -k - q*k. Is k a composite number?
False
Let h = -38 + 31. Let g(w) = w + 4. Let v be g(h). Is (9 - 3)/v - -543 composite?
False
Let g(w) be the first derivative of -328*w**2 + 22*w - 14. Let j be g(8). Is 10/25 - j/10 composite?
False
Let g(b) = -b**2 - b + 228. Is g(13) a composite number?
True
Is (-3)/18 - (-2)/((-36)/(-120117)) prime?
True
Suppose -8*h = -3*h - 20. Is (85120/25)/h + (-1)/5 prime?
False
Let o(j) = 4227*j**2 - 41*j + 3. Is o(5) composite?
True
Let n be 2/(-3 + (-14)/(-6)). Let z(f) = -3*f - 1. Let r be z(n). Suppose -r = -2*b - 2. Is b prime?
True
Let z = -197 + 11286. Is z composite?
True
Let s = -38525 + 75028. Is s composite?
True
Let y = -24 - -26. Suppose y - 14 = 2*o. Is ((-586)/o)/((-5)/(-15)) a prime number?
True
Let f(y) = -4*y**3 - y**2 - 15*y - 9. Is f(-5) a composite number?
False
Let v = 11221 + -5538. Is v a composite number?
False
Let z be 3/((-105)/57 - -2). Suppose -30 - z = -c. Let y = 78 + c. Is y a composite number?
False
Is 2102/1 - (4 + 0) prime?
False
Suppose 0 = -2*f, 19*x + 2*f = 14*x + 381515. Is x a composite number?
False
Let k = -21 + 21. Let b be k/(-11) - 4*-79. Let u = b + -167. Is u a composite number?
False
Let l = -103 - -83. Is (-2988)/l - 0 - (-2)/(-5) composite?
False
Let n(y) = y**2 + 3*y - 13. Let c be -1 + (-3)/(3/5). Let w be n(c). Suppose 0*t - w*t + 125 = 0. Is t a composite number?
True
Let u = 1508 + -281. Is u a composite number?
True
Let a(n) = -336*n + 24. Let p be a(-7). Suppose -4*k + 6520 = 4*l + p, 4*l - 5*k = 4171. Is l a prime number?
True
Suppose u + 2 = -0. Let y be u/(-7) - (-2698)/14. Suppose 2*f - 2*i - 372 = 3*i, 0 = f + i - y. Is f composite?
False
Let a be ((-3)/4)/((-2)/(-8)). Let u be 3*3/a + 5. Suppose -1484 = -6*d + u*d. Is d composite?
True
Is -1 + 4 + (4 - 883)*-2 a prime number?
False
Suppose 4*q = 5*q - 5, -4641 = -2*w + 5*q. Is w prime?
True
Suppose -4*c = -3*c - 23. Suppose -27*p = -c*p - 2416. Suppose p = 3*o + 5*h, 0 = 5*o - o - 2*h - 814. Is o composite?
True
Let t be (-18)/(-4)*(-24)/(-36). Let v(q) = 56*q + 11. Is v(t) composite?
False
Suppose -2*p + 4*k - 3 = 1, 4*k + 26 = -p. Let l = p + 5. Let z = l + 18. Is z a prime number?
True
Let t(o) = 104*o**2 + 11*o - 5. Is t(-8) prime?
True
Is (-2790355)/(-481) + (-6)/39 a composite number?
False
Suppose 4*o = -19*q + 23*q - 45864, 3*o + 45863 = 4*q. Is q composite?
True
Let h(w) be the first derivative of 99*w**2/2 + 6*w - 3. Let f be h(6). Suppose -3*y + f = 45. Is y composite?
True
Suppose v + 1535 = -2*o + 4*v, -3*o - 4*v - 2345 = 0. Let m = -74 - o. Is m prime?
True
Is 13/(-4) + 3 + 198480/64 composite?
True
Let t = -2 - -14. Suppose 4*z + z + i = 22, -2*z - 2*i + t = 0. Suppose 4*w = -z*r + 500, -3*w = -w - r - 256. Is w a prime number?
True
Suppose 0 = v + 5*t - 453, 4*v = -4*t - 0*t + 1860. Suppose 0 = -2*w + 150 + v. Is w prime?
False
Suppose -4*x = -3*x - 632. Let j = -2315 - -3276. Let g = j - x. Is g prime?
False
Let q = 606 - 411. Let i = -107 + q. Let v = -51 + i. Is v composite?
False
Let h(p) = 2*p**3 + 44*p**2 + 18*p + 25. Is h(-21) a prime number?
False
Let r = 10 + -18. Let m(b) = 2*b**3 + b**2 + 5*b - 3. Let p(i) = -3*i**3 - 3*i**2 - 11*i + 6. Let z(q) = -5*m(q) - 3*p(q). Is z(r) a prime number?
True
Suppose 3*v = 22116 + 16227. Is v composite?
False
Let a(s) = 1019*s**2 + 24*s - 39. Is a(4) a composite number?
False
Let v = 33 - 36. Let d(r) = -244*r + 7. Is d(v) composite?
False
Suppose 0 = -y - 4 + 4. Suppose 6*p - 2*p - 5*r + 488 = 0, -4*p + 3*r = 496. Let x = y - p. Is x composite?
False
Let c = 8117 - -3446. Is c prime?
False
Suppose -3*v - 4*p = -982 - 771, -v + 3*p + 593 = 0. Is v composite?
False
Let k(o) = -4*o + 3*o**3 + 2*o**3 - o**3 + 2*o**2 + 2. Let s = 17 - 15. Is k(s) composite?
True
Suppose 5*b - k = k - 156, 0 = b + 3*k + 21. Is (1 - 103)*15/b a prime number?
False
Let u = -18 - -18. Suppose -2*a + 21 = -3*t, u = a - 2*t + 5 - 17. Suppose 3*h - r - 1611 = 0, a*h = h - r + 2685. Is h composite?
True
Is 2*2/(-4)*(-305302)/23 composite?
True
Let b = 167 + -167. Let l(o) be the second derivative of o**5/20 - o**4/12 + 49*o**2/2 + o. Is l(b) composite?
True
Suppose -4*z + 4801 = -3707. Is z prime?
False
Let p = -5 - -3. Let h be p/3*-3 + -1. Suppose 134 - h = q. Is q prime?
False
Let l(g) = g**3 + 11*g**2 + g + 11. Let s be l(-11). Suppose t + 5*t - 8166 = s. Is t a composite number?
False
Suppose -12*t + 70933 - 14089 = 0. Is t prime?
False
Let w(y) = y**3 - 2*y**2 + 2*y - 2. Let t be w(2). Let a(d) = 0*d**3 - d**t - d**3 + 55 + 3. Is a(0) a prime number?
False
Suppose 0 = 2*l - 1337 - 507. Suppose 2*o + l - 2832 = 0. Is o composite?
True
Suppose 2*y - q - 2*q = 23, 31 = 3*y - q. Let v be (-12)/15*(-125)/y. Let w(c) = c**2 - 5*c - 13. Is w(v) prime?
True
Let w(p) = -p**3 - 7*p**2 + 8*p + 4. Let a be w(-8). Let t(m) = 26*m**2 + 6*m - 13. Is t(a) prime?
False
Is (-36 + 29 + 66040/6)*3 a composite number?
False
Let t(j) be the second derivative of 7*j**3 - 7*j**2/2 + 19*j. Let w(q) = -q**2 - 11*q - 1. Let b be w(-10). Is t(b) a prime number?
False
Suppose 5*i = -3*x + 72581, 12*i - 9*i - 96782 = -4*x. Is x prime?
True
Let t = -6 + 12. Suppose -3*h = -15, 0 = p - 4*h + t*h - 21. Let y = 68 + p. Is y composite?
False
Suppose -3*v + 15757 = 8*r - 4*r, 0 = 4*r - 5*v - 15797. Is r a composite number?
False
Let h = -16 + 51. Let j = -10 + h. Suppose -3*p - 689 = -4*t - 3816, -5*t = -j. Is p a prime number?
True
Suppose -4*k + 5*q = 59, k - q = -7 - 8. Let d = k + 26. Is d composite?
True
Suppose 4*h - 3*l - 11609 = -8*l, 4*h - l - 11603 = 0. Is h prime?
False
Suppose 0 = -w - 0*w + 991. Let c be (4/4 - 113) + -2. Let k = w + c. Is k a prime number?
True
Let w be ((-9)/(-6))/((-2)/4). Is w - 123/(-39) - 17457/(-13) a composite number?
True
Is (-12)/20 + (-38992)/(-20) a composite number?
False
Let l(j) = 2*j**3 + 2*j**2 + j - 1. Let z = -10 + 13. Is l(z) prime?
False
Suppose 5*y - 2328 = -3*y. Let g = y + -112. Is g prime?
True
Let v = -5406 + 9607. Is v a prime number?
True
Let n(r) = 52*r**2 + 20*r - 7. Is n(-5) prime?
True
Is (-22971)/14*-2 + 8/(-14) composite?
True
Let v(n) = 177*n - 1. Let f be v(1). Suppose -f = -4*p + 184. Suppose 2*q - p = 168. Is q a composite number?
True
Suppose 3*i - 19*i + 211216 = 0. Is i a composite number?
True
Let q(i) = i - 1. Let r(p) = 873*p + 24. Let y(w) = -2*q(w) - r(w). Is y(-3) a composite number?
True
Let v(o) be the first derivative of 2*o**2 + 9*o + 2. Is v(7) composite?
False
Let x(o) = -o**2 + 6*o + 8. Let r be x(7). Let t(f) = 133*f**3 + 2*f**2 - f. Is t(r) a prime number?
False
Let o = 0 + -6. Let t be ((-60)/(-36))/((-1)/(-6)). Is (28/o)/(t/(-